{"id":38,"date":"2019-11-01T06:23:26","date_gmt":"2019-11-01T05:23:26","guid":{"rendered":"http:\/\/www.feuerwehrverein-trages.de\/?page_id=38"},"modified":"2020-04-02T14:35:05","modified_gmt":"2020-04-02T12:35:05","slug":"ehrenamt","status":"publish","type":"page","link":"https:\/\/www.feuerwehrverein-trages.de\/?page_id=38","title":{"rendered":"Ehrenamt"},"content":{"rendered":"\n<p>In Deutschland sind etwa 1 Million Einwohner in der Freiwilligen Feuerwehr aktiv. Das sind etwa 95 Prozent aller Feuerwehrmitglieder. <\/p>\n\n\n\n<p>Das deutsche Feuerwehrwesen setzt somit dabei ganz \u00fcberwiegend auf freiwilliges ehrenamtliches Engagement. In vielen kleinen St\u00e4dten und Gemeinden Deutschlands r\u00fccken dabei fast ausschlie\u00dflich ehrenamtliche Feuerwehrm\u00e4nner und -frauen aus. Sie verlassen bei Alarm ihren Arbeitsplatz, ihre Familie oder in der Nacht das gem\u00fctliche Bett. Egal wann Sie gebraucht werden &#8211; sie sind f\u00fcr uns alle da! Doch warum engagieren sich so viele Menschen in Deutschland ehrenamtlich bei der Freiwilligen Feuerwehr? Wir haben die zehn wichtigsten Gr\u00fcnde f\u00fcr dich gefunden:<\/p>\n\n\n\n<ol class=\"wp-block-list\"><li><strong>Kameradschaft und Zusammenhalt: Du bist nicht allein!<\/strong><br>Freiwillige Feuerwehr steht f\u00fcr Kameradschaft, Zusammenhalt und Teamwork. Ohne den funktionierenden Zusammenhalt k\u00f6nnte keine Feuerwehr existieren. Gerade im Feuerwehr Einsatz muss sich jedes Truppmitglied aufeinander verlassen k\u00f6nnen. Kameradschaft endet nicht in der eigenen Wehr, sondern wird auch \u00fcberregional und international gepflegt. Viele freiwillige Feuerwehren sind freundschaftlich \u00fcber sogenannte Partnerwehren miteinander verbunden.<br><\/li><li><strong>Gesellschaftliches Engagement: Du hilfst anderen!<\/strong><br>\u201cGott zur Ehr, dem N\u00e4chsten zur Wehr\u201d, lautet ein Feuerwehr-Spruch, der den Zweck der Hilfsorganisation passend beschreibt. Als Feuerwehrmitglied geht es darum, anderen zu helfen und sich gesellschaftlich zu engagieren. Gutes zu tun, verschafft Dir auch selbst ein positives Gef\u00fchl.<br><\/li><li><strong>Retten, L\u00f6schen, Bergen, Sch\u00fctzen: Du stellst die Gefahrenabwehr sicher!<\/strong><br>Retten, L\u00f6schen, Bergen, Sch\u00fctzen \u2013 so lassen sich die Aufgaben der freiwilligen Feuerwehr pr\u00e4gnant zusammenfassen. Dabei hat die Rettung allerh\u00f6chste Priorit\u00e4t. Die Arbeit der Feuerwehr ist vielf\u00e4ltig, das Spektrum der Feuerwehr Eins\u00e4tze breit gef\u00e4chert: Von der Brandbek\u00e4mpfung bis zur Technischen Hilfeleistung ist alles dabei.<br><\/li><li><strong>Viel Verantwortung: Du bist Vorbild!<\/strong><br>Als Mitglied einer freiwilligen Feuerwehr tr\u00e4gst Du viel Verantwortung. Im Einsatz f\u00fcr Dich und Deine Kameraden, aber auch au\u00dferhalb des Dienstes. Denn Du solltest als Feuerwehrfrau oder Feuerwehrmann eine Vorbildfunktion erf\u00fcllen. Gerade als F\u00fchrungskraft innerhalb der Wehr schauen Kameraden und Jugendfeuerwehrmitglieder zu Dir auf.<br><\/li><li><strong>Adrenalinkick: Du erlebst aufregende Feuerwehr Eins\u00e4tze!<\/strong><br>Der Funkmeldeempf\u00e4nger piept, der Puls steigt, denn das Adrenalin str\u00f6mt durch Deinen K\u00f6rper. Als Feuerwehrfrau oder Feuerwehrmann erlebst Du aufregende Eins\u00e4tze. Nicht jeder Einsatz ist gleich spannend, aber f\u00fcr jeden Einsatz gilt: vollste Konzentration und das Befolgen von Einsatzbefehlen.<br><\/li><li><strong>Feuerwehr Ausbildung: Du entwickelst Dich weiter!<\/strong><br>In Deutschland regelt die Feuerwehr-Dienstvorschrift 2 (FwDV 2) die Ausbildung der freiwilligen Feuerwehren. Die Truppmannausbildung gliedert sich in einen Teil 1 (Grundausbildungslehrgang) und eine Truppmannausbildung Teil 2. Die Feuerwehr Ausbildung wird nach landesrechtlichen Regelungen beziehungsweise auf Gemeinde- oder Kreisebene durchgef\u00fchrt. Deshalb kann die Ausbildung von Bundesland zu Bundesland sehr verschieden sein. Als Mitglied einer freiwilligen Feuerwehr absolvierst Du noch viele weitere Lehrg\u00e4nge, um h\u00f6here Dienstgrade zu erlangen. Du entwickelst Dich weiter!<br><\/li><li><strong>Fahrzeug- und Technik-Fan: Dann bist Du in der Feuerwehr genau richtig!<\/strong><br>Als Technik-Freak oder Fahrzeug-Fan kommst du als Feuerwehrmitglied auf deine Kosten. Denn dann gibst Du \u2013 nach der n\u00f6tigen Qualifizierung \u2013 bestimmt einen guten Ger\u00e4tewart in deiner freiwilligen Feuerwehr ab. In Deutschland m\u00fcssen Feuerwehrfahrzeuge den jeweiligen Normen entsprechen.<br><\/li><li><strong>Leidenschaft Feuerwehr: Du hast viel Spa\u00df!<\/strong><br>Helfen macht Spa\u00df. Teil einer festen, verl\u00e4sslichen Gemeinschaft zu sein, macht Spa\u00df. In der Feuerwehr kannst Du echte Freunde oder sogar Lebenspartner finden. Es macht Spa\u00df, sich einzubringen.<br><\/li><li><strong>Identifikation: Du bist Feuerwehrangeh\u00f6riger!<\/strong><br>Die Mitgliedschaft in der freiwilligen Feuerwehr schafft Dir Orientierung. Feuerwehr ist mehr als nur ein Hobby. Als Feuerwehrangeh\u00f6riger identifizierst Du Dich voll mit dem Thema.<br><\/li><li><strong>Anerkennung: Du wirst wertgesch\u00e4tzt!<\/strong><br>Als freiwilliges Feuerwehrmitglied wirst Du wertgesch\u00e4tzt. F\u00fcr viele Arbeitgeber sind ehrenamtliche T\u00e4tigkeiten bei der Auswahl eines Bewerbers von Vorteil. Denn das Engagement in der freiwilligen Feuerwehr spricht f\u00fcr viel Sozialkompetenz. Kinder schauen sowieso zu Dir auf.<br><br>(Quelle: https:\/\/www.feuerwehrmagazin.de\/nachrichten\/news\/10-gruende-warum-es-sich-lohnt-teil-der-freiwilligen-feuerwehr-zu-sein-73855)<\/li><\/ol>\n\n\n\n<p><\/p>\n","protected":false},"excerpt":{"rendered":"<p>In Deutschland sind etwa 1 Million Einwohner in der Freiwilligen Feuerwehr aktiv. Das sind etwa 95 Prozent aller Feuerwehrmitglieder. Das deutsche Feuerwehrwesen setzt somit dabei ganz \u00fcberwiegend auf freiwilliges ehrenamtliches Engagement. In vielen kleinen St\u00e4dten und Gemeinden Deutschlands r\u00fccken dabei fast ausschlie\u00dflich ehrenamtliche Feuerwehrm\u00e4nner und -frauen aus. Sie verlassen bei Alarm ihren Arbeitsplatz, ihre Familie &hellip; <\/p>\n<p class=\"link-more\"><a href=\"https:\/\/www.feuerwehrverein-trages.de\/?page_id=38\" class=\"more-link\"><span class=\"screen-reader-text\">\u201eEhrenamt\u201c <\/span>weiterlesen<\/a><\/p>\n","protected":false},"author":1,"featured_media":0,"parent":0,"menu_order":0,"comment_status":"closed","ping_status":"closed","template":"","meta":{"footnotes":""},"class_list":["post-38","page","type-page","status-publish","hentry"],"_links":{"self":[{"href":"https:\/\/www.feuerwehrverein-trages.de\/index.php?rest_route=\/wp\/v2\/pages\/38","targetHints":{"allow":["GET"]}}],"collection":[{"href":"https:\/\/www.feuerwehrverein-trages.de\/index.php?rest_route=\/wp\/v2\/pages"}],"about":[{"href":"https:\/\/www.feuerwehrverein-trages.de\/index.php?rest_route=\/wp\/v2\/types\/page"}],"author":[{"embeddable":true,"href":"https:\/\/www.feuerwehrverein-trages.de\/index.php?rest_route=\/wp\/v2\/users\/1"}],"replies":[{"embeddable":true,"href":"https:\/\/www.feuerwehrverein-trages.de\/index.php?rest_route=%2Fwp%2Fv2%2Fcomments&post=38"}],"version-history":[{"count":0,"href":"https:\/\/www.feuerwehrverein-trages.de\/index.php?rest_route=\/wp\/v2\/pages\/38\/revisions"}],"wp:attachment":[{"href":"https:\/\/www.feuerwehrverein-trages.de\/index.php?rest_route=%2Fwp%2Fv2%2Fmedia&parent=38"}],"curies":[{"name":"wp","href":"https:\/\/api.w.org\/{rel}","templated":true}]}}